{"id":175,"date":"2010-09-25T14:33:49","date_gmt":"2010-09-25T13:33:49","guid":{"rendered":"http:\/\/bastelladen-dors.de\/blog\/?page_id=175"},"modified":"2020-04-17T12:00:29","modified_gmt":"2020-04-17T11:00:29","slug":"unsere-firmengeschichte","status":"publish","type":"page","link":"http:\/\/www.bastelladen-dors.de\/?page_id=175","title":{"rendered":"Unsere Firmengeschichte"},"content":{"rendered":"<p><strong>1987<\/strong><br \/>\nDer Bastelladen Dors wurde 1987 von Margot Dors gegr\u00fcndet.<br \/>\nIn der ca. zweij\u00e4hrigen Vorbereitungszeit bis zur Er\u00f6ffnung im Herbst 1987 kn\u00fcpfte sie die ersten Kontakte und besuchte viele Messen und andere Bastelgesch\u00e4fte. Das erste Gesch\u00e4ftslokal mit einer Fl\u00e4che von ca. 36qm hatte noch kein Schaufenster.<\/p>\n<p><strong>1988<\/strong><br \/>\nBereits im folgenden Jahr 1988 kam die erste Erweiterung um ca. 15qm mit einem Schaufenster.<\/p>\n<p><strong>1989<\/strong><br \/>\n1989 wurde der Kursraum erstmalig mit einem Seidenmalkurs seiner Bestimmung zugef\u00fchrt.<\/p>\n<p><strong>1990<\/strong><br \/>\nIm Jahr 1990 begannen die ersten Porzellanpuppenkurse, die bis 2004 in gleicher Form durchgef\u00fchrt wurden.<\/p>\n<p><strong>1994<\/strong><br \/>\nNachdem der Kundenzulauf und das Sortiment immer umfangreicher wurden, entschlossen sich Heinz und Margot Dors im Jahr 1994, den alten Laden samt Anbauten abzureissen und an deren Stelle eine neue Verkaufshalle zu errichten.<\/p>\n<p><strong>1998<\/strong><br \/>\nNur vier Jahre sp\u00e4ter wurde diese Halle wiederum zu klein und eine zus\u00e4tzliche Halle als neue Ausstellungs- und Verkaufsfl\u00e4che mit ca. 600qm dazugenommen und das Sortiment um Eisenbahnmodellbau erweitert.<\/p>\n<p><strong>2005<\/strong><br \/>\nMit der teilweisen Umwandlung von Lager- in Ausstellungsfl\u00e4che wurde ein zust\u00e4tzlicher Durchgang zwischen dem Modellbaubereich und dem Bastelbereich geschaffen, der auch einen besseren Platz f\u00fcr verschiedene Produktangebote bietet.<\/p>\n<p><strong>2007<\/strong><br \/>\nAm 11. August 2007 wurde das 20j\u00e4hriges Firmenjubil\u00e4um gefeiert.<\/p>\n<p><strong>2010<\/strong><\/p>\n<p>Zum 01. Januar 2010 hat Ralf Dors die Firma Bastelladen Dors \u00fcbernommen.<\/p>\n<p><strong>Heute<\/strong><\/p>\n<p>Neben den Ausstellungs- und Verkaufsfl\u00e4chen verf\u00fcgt der Laden noch \u00fcber einen Ausstellungsraum mit Puppen und alten Modelleisenbahnen, Kursr\u00e4ume und ca. 300qm Lager, teilweise mit Schwerlastregalen.<\/p>\n<p>Auf ca. 750qm Verkaufsfl\u00e4che bietet der Bastelladen Dors einen beliebten Anlaufpunkt f\u00fcr Kunden von nah und fern.<\/p>\n<p><strong>Mitarbeiter<\/strong><\/p>\n<p>Mit der Gesch\u00e4ftsfl\u00e4che ist auch die Anzahl der Mitarbeiter gestiegen. Neben Ralf Dors als Inhaber ist auch die Firmengr\u00fcnderin Margot Dors noch in dem Unternehmen eingebunden.<\/p>\n<p>Um auch in Zukunft qualifiziertes Personal zu haben, bildet der Bastelladen Dors Einzelhandelskauflleute aus.<\/p>\n<p>Oft nutzen Sch\u00fclerinnen und Sch\u00fcler die Gelegenheit, durch ein Betriebspraktikum im Bastelladen Dors Erfahrungen zu sammeln.<\/p>\n","protected":false},"excerpt":{"rendered":"<p>1987 Der Bastelladen Dors wurde 1987 von Margot Dors gegr\u00fcndet.\u2026 <a class=\"continue-reading-link\" href=\"http:\/\/www.bastelladen-dors.de\/?page_id=175\">weiter lesen<\/a><\/p>\n","protected":false},"author":1,"featured_media":428,"parent":16,"menu_order":0,"comment_status":"closed","ping_status":"closed","template":"","meta":{"footnotes":""},"class_list":["post-175","page","type-page","status-publish","has-post-thumbnail","hentry"],"_links":{"self":[{"href":"http:\/\/www.bastelladen-dors.de\/index.php?rest_route=\/wp\/v2\/pages\/175","targetHints":{"allow":["GET"]}}],"collection":[{"href":"http:\/\/www.bastelladen-dors.de\/index.php?rest_route=\/wp\/v2\/pages"}],"about":[{"href":"http:\/\/www.bastelladen-dors.de\/index.php?rest_route=\/wp\/v2\/types\/page"}],"author":[{"embeddable":true,"href":"http:\/\/www.bastelladen-dors.de\/index.php?rest_route=\/wp\/v2\/users\/1"}],"replies":[{"embeddable":true,"href":"http:\/\/www.bastelladen-dors.de\/index.php?rest_route=%2Fwp%2Fv2%2Fcomments&post=175"}],"version-history":[{"count":6,"href":"http:\/\/www.bastelladen-dors.de\/index.php?rest_route=\/wp\/v2\/pages\/175\/revisions"}],"predecessor-version":[{"id":963,"href":"http:\/\/www.bastelladen-dors.de\/index.php?rest_route=\/wp\/v2\/pages\/175\/revisions\/963"}],"up":[{"embeddable":true,"href":"http:\/\/www.bastelladen-dors.de\/index.php?rest_route=\/wp\/v2\/pages\/16"}],"wp:featuredmedia":[{"embeddable":true,"href":"http:\/\/www.bastelladen-dors.de\/index.php?rest_route=\/wp\/v2\/media\/428"}],"wp:attachment":[{"href":"http:\/\/www.bastelladen-dors.de\/index.php?rest_route=%2Fwp%2Fv2%2Fmedia&parent=175"}],"curies":[{"name":"wp","href":"https:\/\/api.w.org\/{rel}","templated":true}]}}